 + 43. Let g be m(0). Let x = 91 - g. List the prime factors of x.
2, 3
Let c = 105 - 99. What are the prime factors of c/(-27) - 2409/(-27)?
89
Let g(r) = 25*r + 8. Let h be g(-3). Let c = 122 + h. List the prime factors of c.
5, 11
Let u = -58 + 22. What are the prime factors of (-3 + (2 - u))/1?
5, 7
Let j(y) = y + 2*y**2 + 5 - 4 + 4 + 7. List the prime factors of j(4).
2, 3
Suppose 0 = 9*q - 3*q - 2232. Suppose -j + 4*u = u - 128, 3*j - q = 3*u. What are the prime factors of j?
2, 61
Suppose -20*x = -16*x. Suppose x = -i + 45 + 18. What are the prime factors of i?
3, 7
Suppose 0 = -5*b - 6*s + s + 2015, -s = -2*b + 806. List the prime factors of b.
13, 31
Suppose 3*n + 3*d = -2*n + 14, -2*n + 5*d - 13 = 0. Let q be (n/(-3))/((-2)/42). What are the prime factors of (0 + 2)*2*q?
2, 7
Let n be (-1 - 2)*(-348)/(-18). What are the prime factors of (4 - n*1)/2?
31
Let v(r) = 46*r - 120. List the prime factors of v(22).
2, 223
Let l(r) = r - 10. Let t be l(13). Suppose -3*v + 195 = 3*j, t + 304 = 5*j - v. What are the prime factors of j?
2, 31
Let m(z) = 2*z - 3. Let r be m(9). List the prime factors of 7819/35 + (2 - 21/r).
2, 7
Let s(c) be the first derivative of -c**3/3 + c**2/2 + 2*c - 4. Let f be s(0). Suppose i + 134 = f*z, -3*z = -0*i - 3*i - 198. What are the prime factors of z?
2, 17
Suppose -2*a = -4, -5 = o - 4*a + 1. Suppose -8*z = -25 - 15. Suppose -o*g = -51 - z. What are the prime factors of g?
2, 7
Let q = 240 + -68. Suppose 16 = -4*n + q. List the prime factors of n.
3, 13
Let m = -186 - -4249. List the prime factors of m.
17, 239
Suppose 2*r - 3*r + 196 = 0. Suppose -13*j + 15*j = r. What are the prime factors of j?
2, 7
Suppose 4*u + u = 2135. Let t = -302 + u. What are the prime factors of t?
5
Let v = 37 + -25. Suppose v*y = 10*y + 184. Let a = y - 52. List the prime factors of a.
2, 5
Let r(t) = t**3 - 28*t**2 + 15*t + 35. What are the prime factors of r(28)?
5, 7, 13
Suppose 31*t - 28*t - 1419 = 0. Suppose -5*q + 727 + t = 0. List the prime factors of (3/(-6))/((-3)/q).
2, 5
Let q = 1939 + -1194. List the prime factors of q.
5, 149
List the prime factors of (3 - 1)*(-68100)/(-200).
3, 227
Let u(w) = w**2 - 11*w + 15. Let k be u(10). Suppose -587 = -k*i + 3*h - 51, h - 3 = 0. Suppose -3*l - 25 = -i. What are the prime factors of l?
2, 7
Suppose -m + 3*p - 7 = 0, 4*m + 4 = -p + 28. Suppose -m*j = 2*a, 4*j + 5*a + 5 + 12 = 0. List the prime factors of 4 + j - 2/2.
5
Suppose 2*u - 8 = 0, 3*o + u - 583 = 2*o. List the prime factors of o.
3, 193
Let y(i) = 691*i**2 + 2*i + 12. What are the prime factors of y(-2)?
2, 3, 7, 11
Let v(p) = 0*p**2 + p + 2 + 2*p**2 - p**2. Let o be v(0). Suppose -25 = -o*y + 35. What are the prime factors of y?
2, 3, 5
Suppose y - 5771 = -5*m + 408, m = 5*y + 1215. What are the prime factors of m?
5, 13, 19
Suppose -3*a = u - 0*u + 47, -188 = 4*u + 2*a. Let y = -34 - u. List the prime factors of y.
13
Suppose 0*z + 79300 = 50*z. What are the prime factors of z?
2, 13, 61
Let r be (4 - 1)/(12/32). Let n = 596 - 481. Suppose -3*u = -r*u + n. List the prime factors of u.
23
Let i(l) = l**3 + 5*l**2 - l - 2. Let t be i(-3). Let w = t - 5. List the prime factors of w.
2, 7
Suppose 0 = 3*m - n + 54, 5*m - 3*n + 88 = -2*n. Suppose 0 = -0*r + 2*r + 94. Let x = m - r. List the prime factors of x.
2, 3, 5
Let l(q) = -q**3 - 10*q**2 - 11*q. Let o = 0 + 2. Suppose -11 + o = c. List the prime factors of l(c).
2, 3
Let a = 8671 - 4778. What are the prime factors of a?
17, 229
Let r(o) = -18*o**3 - 2*o**2 + 9*o + 43. What are the prime factors of r(-6)?
5, 761
Let a(c) = -13*c + 4*c - 47*c**3 - 7*c**2 + 49*c**3 - 14. What are the prime factors of a(6)?
2, 7
Let g(h) = 5*h - 6. Let i(k) = -2*k + 2. Let t(x) = 3*g(x) + 8*i(x). Let p be t(-10). Suppose 0 = -3*r - r + p. List the prime factors of r.
2
Let f(n) = 11*n**2 + 11*n - 31. What are the prime factors of f(5)?
13, 23
Let v be 1/3 + (-1074)/9. Let h = v - -221. Suppose -4*d + h = 2. List the prime factors of d.
5
List the prime factors of 135/((-4 + 7)/3).
3, 5
Let b be 2/(-10) - (-726)/30. Let t = b + -4. List the prime factors of t.
2, 5
Suppose -4*k + 4788 = -3*w - 4985, -k + 2435 = 2*w. What are the prime factors of k?
2441
List the prime factors of (-4 + -2 + (-654)/18)*-3.
127
Suppose 6607 + 9155 = 37*f. What are the prime factors of f?
2, 3, 71
Let f(w) = -w**2 + 9*w + 6. Let a be f(9). Let m(i) = i - 6*i**2 + i**3 + i + 2 + 0*i. List the prime factors of m(a).
2, 7
Let g = 18 - 16. Suppose 2*y - 46 = -2*j, 2*j - g*y = 23 + 15. List the prime factors of j.
3, 7
Suppose 8*s - 12430 = -878. What are the prime factors of s?
2, 19
Let i(b) = 177*b + 4. List the prime factors of i(4).
2, 89
Suppose -2*o - 8480 = -0*s + 4*s, 3*s - 5*o = -6334. List the prime factors of (-3)/8 + s/(-16).
2, 3, 11
Let i be (6/(-2))/12 + 177/(-12). Let q(c) = 2*c - 3 + 16 - 4*c. What are the prime factors of q(i)?
43
List the prime factors of (6/5)/((-42)/(-76300)) - -5.
5, 19, 23
Let u(f) = -f**3 + 34*f**2 + 16*f + 76. List the prime factors of u(34).
2, 5, 31
Let s be 90/(-3)*2/(-5). Suppose 5*y - 6 = -0*k - 4*k, k - 2 = -y. List the prime factors of s*(3 - 4)/y.
2, 3
Suppose 3*u - 1253 - 505 = 0. List the prime factors of u.
2, 293
Suppose -90*z = -93*z + 2118. List the prime factors of z.
2, 353
Suppose 0 = 7*u - 6*u + 5*a - 344, -5*u = -a - 1850. What are the prime factors of u?
3, 41
Let a(f) = 3*f**3 + f - 1. Let d be a(1). Suppose d*t - 168 = -0*t. List the prime factors of t.
2, 7
Suppose -21*l + 2007 + 4377 = 0. List the prime factors of l.
2, 19
Suppose 23*c - 18307 = 14514. What are the prime factors of c?
1427
Suppose -j + 5*x - 1105 = -3*j, -4*x + 1675 = 3*j. What are the prime factors of j?
5, 113
Let o(y) = 3*y - 12. Let f be o(8). Let k = f + -15. Let v = k + 5. What are the prime factors of v?
2
Let f be 6/(-5)*20/(-24)*-3. Let m(d) be the first derivative of -d**2/2 + 3*d - 3. What are the prime factors of m(f)?
2, 3
Let y = -3504 - -6491. List the prime factors of y.
29, 103
List the prime factors of 3/(6/2402) - (-1 - -4).
2, 599
Let x(s) = 9*s**3 + 5*s**2 + 8*s - 44. List the prime factors of x(7).
2, 11, 19
Let n(s) = -s**3 + 9*s + 2. Let x = -13 - -9. Let m(w) = -2*w**3 - w**2 + 17*w + 5. Let r(h) = x*m(h) + 7*n(h). What are the prime factors of r(-3)?
2, 3
Let y = -371 - -1192. List the prime factors of y.
821
Let r(z) = z**3 - 6*z**2 + 3*z - 3. Let y(c) = -1. Let m(l) = -r(l) + y(l). List the prime factors of m(5).
2, 3
Let r(t) = 4 + 3 - 3 + t. Let d be r(-3). List the prime factors of (d*-1)/(6/(-102)).
17
Let u(o) = -o**3 + 10*o**2 + 11*o - 1. Let b be u(11). Let a(x) = -86*x**2 + 1. Let y be a(b). Let q = y + 119. What are the prime factors of q?
2, 17
Let d = 959 + -550. What are the prime factors of d?
409
Let f(q) = 37*q - 583. What are the prime factors of f(52)?
3, 149
Let x(r) = -r**2 - 19*r - 12. Let y be x(-18). Let l(h) = 2*h**2 - 11*h + 22. List the prime factors of l(y).
2, 7
List the prime factors of 6 + (-135)/25 - 3636/(-15).
3
Let o = -6 - -6. Suppose 215 = 5*p + n, 2*p - n - n - 98 = o. Let f = -16 + p. List the prime factors of f.
2, 7
What are the prime factors of -5 - (-1043 - (-5 + 1))?
2, 11, 47
Suppose 3*j = 13 + 23. Let t be (-3)/12 + 63/j. Suppose -3*f + 62 = 2*w, 0 = -0*w + t*w + 3*f - 164. List the prime factors of w.
2, 17
Let t be 369/(-54) - -7 - (-3610)/12. Let o = -63 + t. List the prime factors of o.
2, 7, 17
Let c(t) = 0*t**2 + t**2 + 5*t**2 - 19 - 20*t - 7*t**2. Let p be c(-19). Suppose p*g = -3*v + 3*g + 162, -74 = -v - 4*g. What are the prime factors of v?
2, 29
Let i(w) = 6*w + 23. Let y be i(-13). Let o = 255 + y. What are the prime factors of o?
2, 5
Let k(i) = i**2 + i - 3. Let v(l) = -8*l - 1. Let y be v(1). Let h = -14 - y. List the prime factors of k(h).
17
Let r be (13 - 1)/4 + -6. What are the prime factors of (254/(-3) - 2)*r?
2, 5, 13
Suppose 3*y - 5*u + 14 = 0, 2*u - 4 + 11 = -3*y. Let h(j) = -9*j**3 + 3*j**2 + 2. List the prime factors of h(y).
2, 17
Let z(q) = -85*q**3 + q + 1. Suppose 2*l - 12*l - 10 = 0. What are the prime factors of z(l)?
5, 17
Let l be (-32)/(-4)*(-5)/(-4). List the prime factors of (l - 6)/((-2)/(-16)).
2
Suppose o - 27 = -2*z, z + 3 = -5*o - 6. Suppose 0 = 2*n + 2*n + z. Let r